he tens digit of m?
0
Let p be (1 - -14)*1 - 2. Suppose p = -4*j + 317. What is the units digit of j?
6
Suppose 4*m - 602 - 130 = -5*h, 0 = 3*m - 3*h - 549. What is the units digit of m?
3
What is the tens digit of (-2)/4 - -4804*7/56?
0
Let q be 6/15 - (-26)/10. Suppose -q*m + 455 = 4*m. What is the tens digit of m?
6
Let m = 30 - 30. Suppose m = -5*w + 7 + 3. Suppose 3*g = -w*f + 31 + 5, 2*g = -f + 16. What is the units digit of f?
4
What is the units digit of 4/(-16) + (-22664)/(-32)?
8
Suppose -33450 + 4407 = -21*b. What is the hundreds digit of b?
3
Let f(s) = -8*s**2 + 326*s + 12. What is the tens digit of f(18)?
8
Let f = 700 + 838. What is the hundreds digit of f?
5
Suppose 3*m = 14 - 2. Suppose 0 = -2*x + 5*w - 7*w + 164, m*x - 343 = -w. Suppose -a + 5*a - 3*k = x, -4*a - 5*k = -47. What is the units digit of a?
8
Suppose 4*u + 0*k - 15 = -k, -9 = -2*u - k. Suppose -2*t + t = 0, -4*t - u = -n. Suppose -n*c - 95 = -8*c. What is the units digit of c?
9
Let g = 469 - -45. What is the hundreds digit of g?
5
Suppose -3536 = -8*i - 560. What is the units digit of i?
2
What is the units digit of (-11 + 5)*(-135 - -2)?
8
Let k be 2/(-1) - (4 - 77). Let r = 158 - k. What is the units digit of r?
7
Suppose 5*m = -3*b + 2773, 0 = 3*m + 3*b + 128 - 1793. What is the hundreds digit of m?
5
What is the tens digit of ((-1)/5)/((-3)/23505)?
6
Let m(q) be the second derivative of -6*q**2 + 0 + 5*q + 5/6*q**4 - 1/2*q**3 + 1/20*q**5. What is the tens digit of m(-10)?
1
Suppose -2*s - 2*s - 3*m + 4027 = 0, 0 = -2*m + 2. What is the hundreds digit of s?
0
Suppose -8*f + 12 = -5*f. Suppose -f*b = 8*b - 1956. What is the units digit of b?
3
Let g be (1/3)/((-2)/(-1086)). Let a = g - 113. What is the units digit of a?
8
Suppose -6 = 2*b, -732 - 523 = -2*i + b. What is the hundreds digit of i?
6
Let h be (2 - 2)*5/(-15). What is the tens digit of (h - 104/(-12))*27?
3
Let g(t) = 21*t**3 - t**2. Let s = -38 + 39. What is the tens digit of g(s)?
2
Suppose 4*s + 361 = d + 2*d, -d + s = -119. Suppose 3*c + 6 = 0, -3*j + c + d = -58. What is the units digit of j?
7
Let l(s) = -s**2 + 3*s - 17. Let u(d) = -d**2 + d - 8. Let r(m) = 4*l(m) - 9*u(m). What is the tens digit of r(-7)?
2
Let q(b) = 27*b**3 + 2*b**2 - 3*b + 24. What is the tens digit of q(4)?
7
Suppose 0 = 4*c + 20, 2*q - 2054 = -2*c - 2*c. What is the tens digit of q?
3
Let w be (-3 + -56)/((-2)/(-2)). Let d = w + 106. Suppose -m + d - 19 = -4*b, 4 = -4*b. What is the tens digit of m?
2
Suppose -2 - 25 = -3*n. Let w(o) = o**3 - 9*o**2 + o - 7. Let c be w(n). Suppose c*f = -20 + 84. What is the tens digit of f?
3
Let n = -65 + 72. Suppose 2*q = n*q - 765. What is the tens digit of q?
5
Let x be (-3)/6*-100 + 0. Let q = x - -8. What is the units digit of q?
8
Suppose -282 = -n - 5*n. Suppose h - n = 52. What is the tens digit of h?
9
Suppose -20 = -18*k + 14*k. Suppose -2*v + 19 = 8*m - 3*m, m + 10 = -k*v. What is the units digit of m?
5
Let z(d) = -2*d + 27. Let o be z(6). What is the units digit of ((-35)/o)/((-2)/48)?
6
Suppose -578 = -f - 130. What is the hundreds digit of f?
4
Let s = -790 + 1510. What is the tens digit of s?
2
Let k(s) be the second derivative of -22*s**3/3 - 2*s**2 - 6*s. What is the hundreds digit of k(-4)?
1
Suppose 5*j = 5 - 10. Let q be 6 + -2 + j + 0. What is the units digit of 1 + (q - 4) + 26?
6
Let h be 1 - ((-3)/3 + -2). Let n be -2 + 3 + h/4. Let q(a) = 15*a + 3. What is the units digit of q(n)?
3
Let i = 31 - 27. What is the units digit of 3 + -1 + 5 + i/2?
9
Let w(x) = -x**3 + 8*x**2 + 8*x - 7. Suppose -3*m = 2*m - 40. What is the tens digit of w(m)?
5
Suppose -15*b + 39*b - 111408 = 0. What is the tens digit of b?
4
Let z = 20 - 85. What is the tens digit of (z/(-4))/(12/48)?
6
Let t = -14 + 23. Suppose -t*f = -13*f + 436. What is the units digit of f?
9
Suppose 7*v + 12470 = 5*r + 11*v, -3*r + 7489 = v. What is the hundreds digit of r?
4
Let h be 0 - ((-3)/(-12) + (-82)/8). What is the tens digit of (h/15 - 1)*(-37 - -1)?
1
Let n(i) = -i**3 + 7*i**2 - 2*i + 5. Suppose 0 = -z - 4*v - v - 1, -4*z - 5*v = -11. What is the units digit of n(z)?
5
Suppose j + 2*j - 837 = 0. Let m = 540 - j. What is the tens digit of m?
6
Let k be 3/(-18)*(3 - 1)*3. What is the hundreds digit of (-50917)/(-295) + k/((-5)/2)?
1
Let c(b) = -22*b - 4. Let k be c(3). Suppose 59 = -5*y + 3*l - 129, l + 4 = 0. Let d = y - k. What is the units digit of d?
0
Suppose 0 = 4*t + 3*d - 883, -4*t + 875 = -3*d - 2*d. What is the units digit of t?
0
Suppose 214*t = 232*t - 20466. What is the tens digit of t?
3
Suppose -5028 = 8*t - 32300. What is the units digit of t?
9
Let y(r) = -2202*r**3 + 4*r**2 + 4*r + 2. What is the units digit of y(-1)?
4
Suppose -3*r - 5*u = -10, -2*r - 4*u + 7 = 1. Suppose -r*w + 124 = -w. Suppose 0 = z - w + 11. What is the units digit of z?
0
Let a(z) = -52*z + 207. What is the tens digit of a(-29)?
1
Let o be (-10)/(-4)*41976/495. Let f(h) = 2*h**2 + 5*h + 3. Let t be f(-3). Suppose -o = 2*u - t*u. What is the units digit of u?
3
Let b be (16/6)/((-26)/(-39)) + -32. Let g = b - -256. What is the units digit of g?
8
Suppose 0 = 11*u - u + 110. What is the hundreds digit of (-4 + 2)/(u/880)?
1
Let d(o) = 7*o**2 + 26*o - 159. What is the hundreds digit of d(5)?
1
Let w(f) = f**3 - 4*f**2 - 12*f + 9. Let p(i) = i**2 - 4*i + 8. Let c be p(0). What is the units digit of w(c)?
9
Let l = -50 + 72. Let g = l - -40. What is the units digit of g?
2
Suppose 4*d + 0*z - 6 = -2*z, -4*z = 5*d. Suppose -4*n = -q + 105 - 35, 4*q - d*n = 244. What is the units digit of q?
8
Let h = -4 - -7. Let y be -4 + (-5 + h)*-2. Suppose w = -y*w + g + 27, 0 = -2*w - 2*g + 54. What is the tens digit of w?
2
Suppose 0 = 5*a - 5, 5*t - 55*a + 54*a - 11709 = 0. What is the units digit of t?
2
Let t = -4085 + 8350. What is the tens digit of t?
6
Let d(x) be the second derivative of x**3/3 + 3*x**2/2 + 2*x. Let p be d(2). Suppose 3*g = p*g - 116. What is the tens digit of g?
2
Let d(b) be the second derivative of b**5/20 - b**4/12 + b**3 + b. Let t(z) be the second derivative of d(z). What is the units digit of t(3)?
6
Suppose -3*o = -0*o - 1065. Suppose -2*y + o = 3*y. Let x = y + -37. What is the tens digit of x?
3
Let n = -12 + 16. Let x be n/14 + (-182)/(-49). What is the units digit of (-6)/x*6/(-9)?
1
Suppose -7*c + 24 = -11. Let l be (2/5)/(c/75). Suppose 122 = l*z - 16. What is the units digit of z?
3
Let j be -3*(4 + 11/(-3)). Let i = j + 35. What is the units digit of i?
4
Let v(a) = 3064*a**2 - 8*a - 7. What is the hundreds digit of v(-1)?
0
Suppose 44*x - 2160 = 40*x. What is the hundreds digit of x?
5
Let b be (-2)/6*(-6)/1. Suppose -b*f + 5*i - 61 = 0, 5*i = -0*f - 2*f - 51. Let r = 44 + f. What is the tens digit of r?
1
Let p(x) = -x**3 + 11*x**2 - 17*x - 4. Let l be p(9). Suppose 0 = i + 2*i + b - 116, -l*i - b + 190 = 0. What is the tens digit of i?
3
Let p = 107 + -109. What is the units digit of 56 + (-4)/(-1) + p?
8
Suppose -2*k + 6*k = -2*q, 2*q = -2*k - 2. What is the units digit of (8/32)/(q/(-56))?
7
Let p(u) = 2*u**3 - 2*u**2 - 4*u + 3. Let k be p(2). Let j = 58 - 16. Suppose -a = -j - k. What is the tens digit of a?
4
Let h = 907 + -597. What is the hundreds digit of h?
3
Suppose 2*g = -4*t + 726, -2*g = -5*t + g + 935. What is the units digit of (1 + t)*-7*8/(-140)?
4
Let s(z) = 91*z**2 - 10*z - 35. What is the hundreds digit of s(-3)?
8
Suppose 3*h = -3*z - 540, -4*h - 222 = 3*z + 314. Let d = -81 - z. What is the hundreds digit of d?
1
Let u = 383 + 518. What is the tens digit of u?
0
Let x be (13 + -12)*(-1 + 1). What is the tens digit of 100 + -4 + x*3/6?
9
Let g(p) = p + 10. Let w be g(-5). Suppose -r = 3*i + i + 38, -w*i = r + 42. Let l = r - -43. What is the units digit of l?
1
Let a(t) be the third derivative of 3*t**5/20 - t**4/24 + t**3/3 - 2*t**2. What is the hundreds digit of a(4)?
1
What is the tens digit of (-16)/20 - 4808/(-10)?
8
Let o = -887 + 1379. What is the units digit of o?
2
Let m = 6588 + -1604. What is the tens digit of m?
8
Let c(g) = -9*g - 16. Let h be c(-4). Let q(k) = -k + 24. What is the units digit of q(h)?
4
Let g be 69 - 2/(-10)*(12 - 17). Let q = g + -44. What is the units digit of q?
4
Suppose -j = 5 - 8. What is the tens digit of j/3 + (89 - 2)?